is divided by 34?
32
Calculate the remainder when 1506 is divided by 239.
72
Calculate the remainder when 66 is divided by 17.
15
Calculate the remainder when 1000 is divided by 249.
4
Calculate the remainder when 115 is divided by 58.
57
What is the remainder when 1150 is divided by 291?
277
Calculate the remainder when 792 is divided by 27.
9
What is the remainder when 4939 is divided by 29?
9
What is the remainder when 182 is divided by 52?
26
Calculate the remainder when 484 is divided by 71.
58
Calculate the remainder when 957 is divided by 8.
5
What is the remainder when 9487 is divided by 113?
108
Calculate the remainder when 45 is divided by 22.
1
Calculate the remainder when 214 is divided by 32.
22
What is the remainder when 180 is divided by 46?
42
Calculate the remainder when 134 is divided by 42.
8
Calculate the remainder when 133 is divided by 68.
65
Calculate the remainder when 221 is divided by 24.
5
Calculate the remainder when 5293 is divided by 2643.
7
Calculate the remainder when 837 is divided by 197.
49
Calculate the remainder when 130 is divided by 89.
41
What is the remainder when 3121 is divided by 14?
13
What is the remainder when 117 is divided by 70?
47
What is the remainder when 925 is divided by 118?
99
Calculate the remainder when 90 is divided by 21.
6
Calculate the remainder when 935 is divided by 225.
35
Calculate the remainder when 159 is divided by 36.
15
Calculate the remainder when 9452 is divided by 18.
2
Calculate the remainder when 220 is divided by 47.
32
Calculate the remainder when 21 is divided by 6.
3
Calculate the remainder when 956 is divided by 87.
86
Calculate the remainder when 51 is divided by 9.
6
Calculate the remainder when 216 is divided by 33.
18
Calculate the remainder when 6 is divided by 5.
1
What is the remainder when 863 is divided by 174?
167
Calculate the remainder when 34 is divided by 27.
7
Calculate the remainder when 2065 is divided by 109.
103
Calculate the remainder when 1690 is divided by 11.
7
What is the remainder when 47 is divided by 4?
3
What is the remainder when 79 is divided by 10?
9
What is the remainder when 8826 is divided by 27?
24
Calculate the remainder when 74 is divided by 7.
4
Calculate the remainder when 1576 is divided by 143.
3
Calculate the remainder when 310 is divided by 45.
40
Calculate the remainder when 1484 is divided by 85.
39
What is the remainder when 536 is divided by 49?
46
What is the remainder when 295 is divided by 101?
93
What is the remainder when 159 is divided by 35?
19
Calculate the remainder when 364 is divided by 61.
59
What is the remainder when 877 is divided by 8?
5
What is the remainder when 150 is divided by 25?
0
What is the remainder when 2953 is divided by 731?
29
What is the remainder when 345 is divided by 334?
11
Calculate the remainder when 124 is divided by 18.
16
Calculate the remainder when 645 is divided by 24.
21
What is the remainder when 193 is divided by 20?
13
What is the remainder when 6829 is divided by 69?
67
Calculate the remainder when 67 is divided by 9.
4
What is the remainder when 177 is divided by 34?
7
What is the remainder when 557 is divided by 186?
185
What is the remainder when 224 is divided by 31?
7
What is the remainder when 409 is divided by 105?
94
Calculate the remainder when 1598 is divided by 25.
23
What is the remainder when 39 is divided by 34?
5
What is the remainder when 33226 is divided by 156?
154
What is the remainder when 278 is divided by 15?
8
What is the remainder when 18 is divided by 6?
0
What is the remainder when 161 is divided by 18?
17
Calculate the remainder when 2257 is divided by 83.
16
What is the remainder when 2105 is divided by 13?
12
What is the remainder when 159 is divided by 16?
15
What is the remainder when 281 is divided by 269?
12
Calculate the remainder when 2728 is divided by 78.
76
Calculate the remainder when 131 is divided by 22.
21
What is the remainder when 7168 is divided by 22?
18
What is the remainder when 51 is divided by 21?
9
What is the remainder when 261 is divided by 54?
45
What is the remainder when 1525 is divided by 175?
125
What is the remainder when 212 is divided by 107?
105
Calculate the remainder when 397 is divided by 50.
47
What is the remainder when 116 is divided by 59?
57
Calculate the remainder when 18412 is divided by 27.
25
What is the remainder when 1176 is divided by 11?
10
What is the remainder when 303 is divided by 17?
14
What is the remainder when 347 is divided by 50?
47
Calculate the remainder when 474 is divided by 21.
12
What is the remainder when 1829 is divided by 230?
219
Calculate the remainder when 831 is divided by 68.
15
What is the remainder when 93 is divided by 12?
9
What is the remainder when 898 is divided by 111?
10
Calculate the remainder when 143 is divided by 70.
3
What is the remainder when 45 is divided by 28?
17
Calculate the remainder when 292 is divided by 76.
64
Calculate the remainder when 9840 is divided by 13.
12
What is the remainder when 645 is divided by 13?
8
What is the remainder when 15 is divided by 3?
0
What is the remainder when 142 is divided by 18?
16
Calculate the remainder when 69 is divided by 21.
6
Calculate the remainder when 32 is divided by 9.
5
Calculate the remainder when 422 is divided by 113.
83
Calculate the remainder when 11416 is divided by 20.
16
What is the remainder when 239 is divided by 58?
7
Calculate the remainder when 9138 is divided by 1826.
8
Calculate the remainder when 2443 is divided by 245.
238
What is the remainder when 695 is divided by 18?
11
Calculate the remainder when 219 is divided by 33.
21
Calculate the remainder when 7120 is divided by 2371.
7
What is the remainder when 4579 is divided by 58?
55
What is the remainder when 5417 is divided by 7?
6
Calculate the remainder when 122 is divided by 25.
22
What is the remainder when 278 is divided by 35?
33
What is the remainder when 410 is divided by 26?
20
What is the remainder when 385 is divided by 143?
99
Calculate the remainder when 406 is divided by 10.
6
Calculate the remainder when 1633 is divided by 170.
103
Calculate the remainder when 4534 is divided by 21.
19
What is the remainder when 3039 is divided by 90?
69
Calculate the remainder when 1422 is divided by 153.
45
Calculate the remainder when 97 is divided by 35.
27
What is the remainder when 129 is divided by 63?
3
What is the remainder when 264 is divided by 43?
6
What is the remainder when 3021 is divided by 48?
45
Calculate the remainder when 439 is divided by 147.
145
Calculate the remainder when 322 is divided by 143.
36
What is the remainder when 1310 is divided by 433?
11
Calculate the remainder when 238 is divided by 21.
7
What is the remainder when 650 is divided by 93?
92
What is the remainder when 274 is divided by 78?
40
What is the remainder when 190 is divided by 82?
26
What is the remainder when 398 is divided by 69?
53
Calculate the remainder when 612 is divided by 610.
2
Calculate the remainder when 909 is divided by 378.
153
Calculate the remainder when 187 is divided by 27.
25
What is the remainder when 480 is divided by 102?
72
Calculate the remainder when 11555 is divided by 17.
12
Calculate the remainder when 128 is divided by 44.
40
Calculate the remainder when 249 is divided by 117.
15
Calculate the remainder when 3247 is divided by 142.
123
Calculate the remainder when 547 is divided by 39.
1
Calculate the remainder when 233 is divided by 111.
11
Calculate the remainder when 14228 is divided by 19.
16
What is the remainder when 851 is divided by 105?
11
Calculate the remainder when 130 is divided by 6.
4
What is the remainder when 318 is divided by 80?
78
Calculate the remainder when 378 is divided by 174.
30
What is the remainder when 959 is divided by 369?
221
What is the remainder when 380 is divided by 55?
50
Calculate the remainder when 42 is divided by 2.
0
Calculate the remainder when 555 is divided by 280.
275
Calculate the remainder when 22 is divided by 6.
4
What is the remainder when 27 is divided by 16?
11
Calculate the remainder when 1332 is divided by 5.
2
Calculate the remainder when 600 is divided by 46.
2
Calculate the remainder when 231 is divided by 34.
27
Calculate the remainder when 342 i